ppose 12667*h - 12645*h = 110. What is the greatest common factor of h and u?
5
Let k(u) = u**2 + u - 1. Let b(g) = g**3 + 15*g**2 + 51*g - 16. Let d(z) = -b(z) - 6*k(z). Let q be d(-18). What is the greatest common factor of 57 and q?
19
Suppose 33*k - 38*k + 35 = 5*l, -3*l = 5*k - 59. Let v be (0 - -2)/2 - -1918. Calculate the greatest common factor of v and k.
19
Let m = 659 + -1085. Let c = -272 - m. What is the greatest common divisor of c and 14?
14
Let g be 4/(-4)*(-43 + 14). Suppose 0*t - t = 21. Let s be (-6)/t + (-404)/(-7). Calculate the highest common factor of g and s.
29
Let d be -30*(-2 - (-10)/4). Let o = d - -28. Let i(q) = q**3 + 5*q**2 - 10*q - 11. Let h be i(-6). What is the greatest common factor of o and h?
13
Let a(k) = -k**3 + 6*k**2 - k + 6. Let z be a(-2). Calculate the highest common factor of z and 630.
10
Suppose 0 = -8*v + 10*v. Suppose 4*t + 3*p - 87 = v, -p = 4*p + 15. Calculate the greatest common factor of t and 16.
8
Suppose -1 = 4*b - 101. Let g = -179 + 173. Let z be (-2)/(g/543) - 6. Calculate the greatest common factor of b and z.
25
Let s = 474 - 197. Let j = s - 217. What is the highest common factor of 180 and j?
60
Let a = 167 + -236. Let v be (-36978)/a - (-22)/253. Calculate the greatest common factor of 8 and v.
8
Let g = 30 + -24. Let x(k) = 5*k + 4 - 8 - 4*k + g. Let u be x(4). What is the greatest common factor of u and 12?
6
Let i be 2 - (16 - 2)*-11. Let l(m) = -m**3 - 83*m**2 + 12. Let z be l(-83). Calculate the greatest common factor of i and z.
12
Let m(c) = -10*c**2 - 84*c + 22. Let t be m(-8). Calculate the highest common factor of 174 and t.
6
Let h(c) = -c**2 - 13*c + 614. Let s be h(18). Let b(j) = 8*j**2 - 6*j - 6. Let l be b(-5). Calculate the highest common divisor of l and s.
56
Suppose -j + 7 = 0, -83 = -f + 4*j + 526. What is the highest common factor of f and 65?
13
Suppose -3*q - 12 = 0, -2*i = -3*q + 117 - 385. What is the greatest common divisor of i and 4160?
64
Suppose -1 = -4*b + 5*b. Let y be (2/(-4))/((-2)/(-76)*b). Let k = 444 - 273. Calculate the greatest common factor of k and y.
19
Suppose -5*c - 2*j + 276 = -346, 0 = -3*c + 4*j + 368. Suppose -3*x + c = -92. Let y = -82 - -130. What is the greatest common factor of y and x?
24
Suppose 5*f = -5*s + 29555, 18*s = 15*s - 3. Calculate the greatest common divisor of 8 and f.
8
Let m = -5 + 13. Let a be -1 + 498 - (-1 + m). What is the greatest common factor of a and 10?
10
Suppose -4*b - 4*d + 1360 = 0, -29*d = -25*d + 8. Let u be 19*(0 - (-3)/1). What is the highest common divisor of b and u?
57
Suppose -23*m - 1569 = -69*m + 5883. What is the highest common factor of 28350 and m?
162
Let h(l) = 1885*l + 2024. Let a be h(-1). What is the greatest common factor of a and 85207?
139
Let q be -18 - -22 - (-136 - 4). Let r be ((-6)/8)/((-9)/q*4). What is the highest common divisor of 54 and r?
3
Let y be 13/2 + 3/2. Let i(o) = y*o - 66*o**3 - 8*o**2 + 65*o**3 - o**2 + 14 + 0*o**2. Let w be i(-11). Calculate the highest common divisor of w and 24.
24
Let j(y) = -y**3 - 3*y**2 - 4*y - 3. Let r be j(-4). Suppose -161*f - 71630 = -351*f. Calculate the greatest common factor of r and f.
29
Let f(h) = -h**3 + 17*h**2 - 50*h - 5. Let i be f(6). Suppose 4*v + 286 = 15*v. What is the highest common divisor of i and v?
13
Suppose 98*a = 97*a + z + 17, -5*z = 25. Calculate the greatest common factor of 16344 and a.
12
Let r(q) = 4*q + 28. Let c be r(-8). Let t = c - -23. Let l = t - -29. What is the highest common divisor of 12 and l?
12
Let n be (-9 - (-2 + -2)) + 1 - 90. Let w = -83 - n. Calculate the highest common factor of 209 and w.
11
Let z(d) = d**2 - 3*d - 2. Let g be z(4). Suppose -5*w - i = 348, 0 = -g*w - 3*w + 2*i - 339. Let j = 8 - w. Calculate the greatest common divisor of 11 and j.
11
Suppose -7*l - 2*l + 36 = 0. Suppose 0 = l*g + 16, 52 = 3*c + c + 2*g. What is the greatest common divisor of 480 and c?
15
Let o(n) = 6*n**2 + n + 6*n - 3 + 29. Let s = -665 + 659. Let y be o(s). Calculate the highest common divisor of y and 80.
40
Suppose 0 = 2*s + 4*c - 180, -773*s = -778*s + 3*c + 255. Suppose 5 - 15 = -5*l. Let u be 219/9 - l/6. What is the greatest common factor of s and u?
12
Let g = 2445 - -483. What is the greatest common factor of 122 and g?
122
Let w(s) = 7*s**3 + 3*s + 2. Let n be w(3). Suppose -3642*b = -3796*b + 7700. Calculate the greatest common divisor of b and n.
50
Let y = 57 + -23. Suppose -3*b = 2*b + 25, -2*w + 2*b + y = 0. Let g be (-6)/4 + 1701/14. Calculate the greatest common divisor of g and w.
12
Suppose -105*c - 290 + 2180 = 0. Calculate the highest common divisor of c and 420.
6
Suppose 0 = -12*d + 285 + 51. Suppose -d + 8 = -w. Calculate the greatest common factor of w and 110.
10
Let a be (36/(-90))/(1*1/(-5)). Suppose 19 = 3*r - 5*k, -2*r - 3*k = a*k + 4. What is the greatest common factor of 75 and r?
3
Let d(l) = 4*l - 2. Let v be d(1). Let a(k) = 12*k**2 + 7*k**2 + 19 + 6*k + 15*k**v - 33*k**2. Let z be a(-8). Calculate the highest common divisor of 7 and z.
7
Let t(a) = 32*a**3 - 57*a**2 - 8*a + 8. Let c be t(2). Let k(j) = j + 3. Let p be k(6). Suppose -2*o + p = -7. Calculate the highest common factor of o and c.
4
Let g be (-4*45/(-8))/((-355)/90 - -4). Calculate the greatest common divisor of 5130 and g.
135
Suppose 0 = 2*o - 3*c + 23 - 18, 0 = 5*c + 5. Let g = -17 - -8. Let i be o/10 + g + (-588)/(-20). Calculate the greatest common divisor of i and 20.
20
Suppose 0 = g + 3*g + 5*b - 361, 4*b = 20. Let q = 780 + -768. Suppose -5*l + 51 = -3*r, -2*l + 3*r + r = -q. What is the greatest common divisor of g and l?
12
Let g = -49 + 44. Let c = -4 + g. Let q(z) = z**3 + 9*z**2 - 6*z + 11. Let x be q(c). Calculate the highest common divisor of 13 and x.
13
Let g be ((-2304)/60)/(26/(-195)). Calculate the highest common divisor of 188 and g.
4
Let r be (-1375)/(-45) + (-52)/(-117). Calculate the greatest common factor of r and 2077.
31
Let h(t) = 7*t**2 + 106*t + 440. Let m be h(-4). Calculate the greatest common divisor of m and 1504.
32
Suppose 98*y - 74074 = -383*y. What is the highest common factor of y and 23639?
77
Let i(g) = 59*g**3 + 56*g**2 - 110*g + 4. Let a be i(2). What is the greatest common factor of a and 12720?
240
Let q = 365 - 323. Let t be -3*(-64)/12 - -2. Let a(z) = z**3 - 19*z**2 + 19*z + 10. Let g be a(t). Calculate the greatest common divisor of g and q.
14
Let c = 32 + -28. Let n be (3 + -3)*(-2)/c. Suppose 6*v + 4*v - 350 = n. What is the highest common factor of v and 70?
35
Suppose -15*h - h = 128. Let l be h/(-12) + 366/18. What is the highest common factor of 28 and l?
7
Let g = -5644 + 6278. Calculate the highest common divisor of g and 2.
2
Let w(n) = 108*n - 2335. Let z be w(25). What is the highest common factor of z and 219?
73
Let r be (237/21 - 9)/(7/98). What is the greatest common factor of r and 152?
8
Let g(y) = 10*y - 65. Let a be g(8). Suppose -4*l + 5*r - 26 = 3*r, 0 = 2*l - 4*r + 4. Let p be 5 + l/(2 + 2). Calculate the highest common factor of p and a.
3
Let i = 163 - 85. Let j = 100 + -48. Suppose -3*f - j = -70. Calculate the highest common factor of i and f.
6
Suppose -3*u - 5*h - 73 = -11, -4*h + 32 = -u. Let g be (u/(-10))/(-6) + 1714/10. What is the highest common divisor of 9 and g?
9
Suppose -5 - 3 = -i. Let q = 265 + -150. Suppose -100*t = -q*t + 15. What is the highest common divisor of i and t?
1
Let b(h) = -94*h + 2. Let g be b(-1). Suppose g = 6*s - 60. Suppose -3*z + 5*r = -536, -3*z + 2*r = -7*z + 732. What is the greatest common factor of z and s?
26
Let z(u) = 38*u**3 + u**2 - u - 1. Let n be z(-2). Let q = 419 + n. Let w(f) = 15*f + 360. Let b be w(-22). Calculate the greatest common factor of q and b.
30
Suppose 253*r - 258*r + 30 = -10. What is the highest common divisor of 104 and r?
8
Suppose 135 = 5*i - w, 53*i + 135 = 58*i - 4*w. Calculate the highest common factor of 96 and i.
3
Let j = -871 + 783. Let o = 163 + j. What is the highest common factor of 45 and o?
15
Suppose 3 = 3*p - 66. Let m = 50 + 203. Calculate the greatest common factor of m and p.
23
Let i = -178 - -228. Let w be (-6)/2 - (i/(-2) - -6). Calculate the highest common factor of w and 368.
16
Suppose -38*b - 9435 = -75*b. Suppose b*y = 245*y + 13